en n is divided by 31.
28
Let i(k) = -5*k + 6. Calculate the remainder when i(-6) is divided by 2/4*(-456)/(-12)*1.
17
Let l be ((-24)/(-9) + -3)*(-255)/5. Suppose 0 = -6*b - l + 149. Calculate the remainder when 106 is divided by b.
18
Suppose 5 - 44 = 2*f - 3*x, x = -f - 17. Suppose 0 = p + 3*p + m - 235, -2*p + 110 = 2*m. What is the remainder when p is divided by 1*18 - (-16 - f)?
12
Suppose -3*y = 0, 4*v + 4*y - 6 = 14. Suppose -g + 0*j = 3*j - v, 0 = -4*g - 2*j + 20. Calculate the remainder when 24 is divided by g.
4
Let r = 138 - 104. What is the remainder when 134 is divided by r?
32
Let m(y) = -8*y - 2*y**2 + 2*y**2 + y**2 + 2*y + 13. What is the remainder when 50 is divided by m(6)?
11
Let w(a) = -3*a**2 + 15*a + 8. Let d(r) = 10*r**2 - 46*r - 24. Let j(p) = -2*d(p) - 7*w(p). Calculate the remainder when 27 is divided by j(14).
3
Let o(d) = 20*d + 129. Calculate the remainder when o(0) is divided by 6.
3
Calculate the remainder when -3*(-1)/6*1468 is divided by 92.
90
Let k = 977 - 926. What is the remainder when 57 is divided by k?
6
Suppose 3*z - 81 = -3*l, 4*z = 5 - 25. What is the remainder when 137 is divided by l?
9
Let o(r) = -236*r - 224. Calculate the remainder when 124/3 + 2/(-6) is divided by o(-1).
5
Let r = 32 - 35. Let w = 16 + r. Let h(s) = -49*s + 1. Calculate the remainder when h(-1) is divided by w.
11
Suppose 207 = 3*r + 3*s, -3*s + 11 - 5 = 0. What is the remainder when 122 is divided by r?
55
Suppose 24 = -2*m - 12. Let f = -15 - m. Suppose 46 = f*s - 2*w, 2*s - 4*w - 38 = -s. What is the remainder when 34 is divided by s?
16
Let q(i) = -i**2 + 5*i + 10. Calculate the remainder when 35 is divided by q(0).
5
Let k = 6 - -12. Let y be (-50)/(-15)*k/15. Suppose -17 + 0 = -b + 5*n, 0 = b + y*n + 10. Calculate the remainder when 5 is divided by b.
1
Let l(z) = 2*z**2 + 4*z - 8. Let j be l(-4). What is the remainder when 375/12 - 2/j is divided by 8?
7
Let a be (3/(-2))/(13/26). What is the remainder when 33 is divided by (5/(-10))/(129/(-42) - a)?
5
Suppose 8*l = 10*l + 76. Let i = -21 - l. Calculate the remainder when 50 is divided by i.
16
Let u(a) = -a**2 - 52*a + 159. What is the remainder when u(-53) is divided by 27?
25
Let u = 7 + 5. Suppose 0*n = 2*n + 4, -2*h + n = -u. Suppose 4*f - 64 = -4*g, 46 = 3*f - 4*g - 9. Calculate the remainder when f is divided by h.
2
Let l = -23 - -19. Let q(y) = y + 7. Let i be q(l). Suppose i*b - 3*f - 47 = -f, -f - 17 = -b. What is the remainder when 49 is divided by b?
10
Let b = 220 + -67. Calculate the remainder when b is divided by 80.
73
Suppose 20 = 2*y + 4*g, 3*y - 30 = -0*g - g. Calculate the remainder when y is divided by 3.
1
Let g = -554 + 607. What is the remainder when g is divided by 11?
9
Suppose -v + 15 = 94. Let l = v + 85. Calculate the remainder when 17 is divided by l.
5
Suppose -12*x = -234 + 90. Suppose -9 = -2*r + 29. Suppose -5*n + 0*n + t = -30, t - r = -2*n. Calculate the remainder when x is divided by n.
5
Suppose 0*a + 5*a - 290 = 0. Let v = a + -23. Calculate the remainder when v is divided by 2/3*9*3.
17
Calculate the remainder when 172 is divided by (-16 - 2)/(4*18/(-48)).
4
Let t(l) = 1378 + 3*l**2 - 10*l - l**3 - 1389 + 2*l**3. Calculate the remainder when 154 is divided by t(-4).
11
Suppose 5 - 6 = n, d - 4*n - 2 = 0. What is the remainder when 114 is divided by (975/125)/(1*d/(-10))?
36
Suppose 58 - 10 = -8*a. What is the remainder when a/(-6) - (-3)/(-3)*-8 is divided by 6?
3
Let c = 2198 + -2171. Suppose 5*a = a + 16. Suppose -4*g - 20 = -2*r, r - 9 = a*g - 3. Calculate the remainder when c is divided by r.
13
Let h = 9 + -10. Let i(a) = -105*a + 1. Let s be i(h). Suppose -4*k + s = -114. Calculate the remainder when k is divided by 14.
13
Calculate the remainder when 756/15 + (-54)/135 is divided by 37.
13
Let m(x) = 3*x - 11. Let j be m(5). Calculate the remainder when (-7 + j)/(-3) - -15 is divided by 5.
1
Suppose 3*y + 4*c = 159, -9*y = -13*y + 3*c + 187. What is the remainder when 184 is divided by y?
37
Suppose -5*x + 5*g = -8*x + 50, -5*x - 5*g + 80 = 0. What is the remainder when x is divided by 9?
6
Let x be (-19 + -3)*(-1)/1. Suppose 0 = -2*h + 64 - x. What is the remainder when 59 is divided by h?
17
Let f = 47 + -35. Suppose -9*y - f = -11*y. Calculate the remainder when 16 is divided by y.
4
Suppose 9*w - 2660 = 13*w. Calculate the remainder when w/(-20) + (-3)/12 is divided by 6.
3
Let l(k) = -k**3 + k**2 + 1. Let d = -2 + -3. Let h(a) = -11*a - 5. What is the remainder when h(d) is divided by l(-2)?
11
Let f(d) = -8*d - 24. Let p be f(-8). Let i = 4 + p. Calculate the remainder when i is divided by 12.
8
Suppose -12*l - 4849 = -6373. What is the remainder when l is divided by 31?
3
Calculate the remainder when 98 + ((-46)/299 - (-67)/13) is divided by 27.
22
Let d = -48 - -162. Suppose -4*y = 2*y - d. Calculate the remainder when 91 is divided by y.
15
Let o(m) = -m**3 + 3*m**2 - 3*m - 20. Let a(x) = -3*x**2 - 29*x + 7. Let u be a(-10). Calculate the remainder when o(u) is divided by 11.
10
Suppose -32*p + 35*p - 2*w = 110, 0 = -3*p - 5*w + 124. What is the remainder when p is divided by 10?
8
Suppose -t - 4*r = -15, -5*t = -0*r - r - 75. What is the remainder when 357 is divided by t?
12
Suppose -4*g - 64 + 152 = 0. What is the remainder when 218 is divided by g?
20
Suppose 4*n = -5*n + 369. Calculate the remainder when 80 is divided by n.
39
What is the remainder when 84 is divided by (-635)/(-20) - (9/(-4) + 3)?
22
Calculate the remainder when 16/(48/9) - -1256 is divided by 15.
14
Suppose -3*k + 7*k + 5*j + 9 = 0, -4 = 2*k + 2*j. Let u be (-8 + (-2 - -3))/k. Calculate the remainder when u - (6/(-2) + 2) is divided by 5.
3
What is the remainder when 235 is divided by 73 + ((-180)/(-135))/((-2)/(-9))?
77
Let y = 40 + -12. Calculate the remainder when y is divided by 26.
2
Let d(w) = -4*w - 15. Suppose -z = 2*h + 19, -5*z + 1 = -3*h + 5. Calculate the remainder when d(h) is divided by 11.
2
What is the remainder when 176 is divided by (-4)/10 + 21285/275?
22
What is the remainder when 63 is divided by 0/(-1) + 27 + -23 + 18?
19
Let n = -17 + 24. Suppose 2 + 166 = n*h. Calculate the remainder when h is divided by 9.
6
Let v = 29 + -5. Let w be ((-40)/15)/(2/v). What is the remainder when -3*(2 - w/(-12)) is divided by 1?
0
Suppose 0 = 3*k - 7*k + 44. Let r = k - 7. Suppose -57 + 16 = -4*c + 3*x, -2*c + r*x + 18 = 0. Calculate the remainder when c is divided by 4.
3
Suppose 0 = -j - 7*j + 312. What is the remainder when j is divided by 15?
9
Suppose 21*q + 2060 = 41*q. Calculate the remainder when q is divided by 40.
23
Let m = -462 - -467. Calculate the remainder when 53 is divided by m.
3
Let p = -2372 + 2566. Calculate the remainder when p is divided by 20.
14
Suppose -102 - 357 = -17*z. Let x(w) = w + 107. Calculate the remainder when x(0) is divided by z.
26
What is the remainder when 1893 is divided by 10420/132 - 84/(-1386)?
76
Let x = 89 - 89. Suppose -12*t - 20 = -7*t, x = -2*j + t + 236. What is the remainder when j is divided by 17?
14
What is the remainder when 282 is divided by 80/(-32)*(-3)/15*24?
6
Suppose 3*b + 65 = 335. Let d(x) = 58*x**2 - x - 1. Calculate the remainder when d(-1) is divided by (-2)/((-3)/b*4).
13
Suppose 0 = -4*v + 5*y + 88, -4*v + 0*y = -2*y - 76. Calculate the remainder when 169 is divided by v.
16
Suppose -16*v + 70 = -2*v. What is the remainder when 33 is divided by v?
3
Suppose -25 + 1 = -3*h. Calculate the remainder when h is divided by 58/261 - (-34)/9.
0
Let w = -17 - -18. Let q be 3 - -1 - (w - 72). Suppose -4*k + q = -k - 3*j, k + 4*j = 45. What is the remainder when 56 is divided by k?
27
Let p = 101 + -58. Suppose -8*x + 93 = -p. What is the remainder when 33 is divided by x?
16
Let m(d) = -d**2 - 23*d + 171. Let r = 61 - 28. Calculate the remainder when m(-27) is divided by r.
30
Suppose 2*q = 2*h - 5*h + 268, 3*q = 6. Suppose 5*w - 5*n - 215 = 0, 4*n - n - 141 = -3*w. Calculate the remainder when h is divided by w.
43
Suppose h + 2*k + 17 = 2*h, 0 = -h - 5*k - 18. Suppose 5*l = 3*u + 598, h*l + 2*u = 3*l + 474. Calculate the remainder when l is divided by 20.
19
Suppose -43 = 62*v - 63*v. What is the remainder when 127 is divided by v?
41
Let d be (-15)/(-36)*39 + (-1)/4. L